 - n - 7. Let f = -10 + u. What is the remainder when 11 is divided by f?
5
Let r = 45 - 29. Let a(f) = 30*f**2 + 1. What is the remainder when a(-1) is divided by r?
15
Let x = -5 + 10. Suppose 120 = 5*z - x*k, 5*z = -0*z + 3*k + 126. What is the remainder when z is divided by 15?
12
Let m = -1 + 0. Let i = 1 - m. Suppose i*a - 56 = -2*a. What is the remainder when a is divided by 8?
6
Let j = 4 + -6. Let v = 10 - j. Suppose -3*q = v - 45. Calculate the remainder when 31 is divided by q.
9
Let h be (6/(-9))/((-4)/6). Let s = h - 2. Calculate the remainder when 3 is divided by (s/(-1))/((-3)/(-6)).
1
Let k = 27 - 9. What is the remainder when 70 is divided by k?
16
Let b(o) = -8*o - 34. Let k be b(-4). Let h(m) be the first derivative of -11*m**2/2 - 2*m + 1. What is the remainder when h(k) is divided by 11?
9
Let r = 3 + -3. Suppose r = 3*s + 18. Let h = s - -13. What is the remainder when h is divided by 3?
1
Let v = -13 + 32. Let y = v - 9. What is the remainder when 26 is divided by y?
6
Suppose -1 = -2*p + 9. Suppose p*i = 2*b + 18, b = 2*i - 2 - 6. Suppose 3 = -i*j + 21. Calculate the remainder when 17 is divided by j.
8
Let p(i) = 9*i**2 + 3*i - 2. Let q be p(-3). Suppose -g = 4*t - q, 0*t - 5*g - 64 = -3*t. Let z = t - -6. Calculate the remainder when z is divided by 9.
6
Suppose -6 = g - 0. Let a = 17 + g. What is the remainder when 30 is divided by a?
8
Let k be 10*((-15)/6)/(-5). Suppose 5 = -k*i, -2*i + 32 = 3*x - i. Calculate the remainder when 41 is divided by x.
8
Suppose -46 = -2*v + k, 82 = 5*v + 3*k - 33. Calculate the remainder when 41 is divided by v.
18
Suppose 5*j = 4*j - 2*v - 29, 2*v - 76 = 4*j. Let p = 2 - j. What is the remainder when p is divided by 12?
11
Let o = 120 + -98. What is the remainder when 107 is divided by o?
19
Suppose 3*s - 1 = 47. Let q = 7 - 4. Suppose -133 = -q*v + 8. What is the remainder when v is divided by s?
15
Suppose -11*j + 6*j + 110 = 0. Calculate the remainder when j is divided by 7.
1
What is the remainder when (8 + -5 - 4)/(1/(-41)) is divided by 14?
13
Let l(s) = -3*s + 4*s + 55*s**2 - 2*s + 1. Let o be l(1). Calculate the remainder when (2/5)/(1/o) is divided by 12.
10
Let l = 52 - 17. Suppose 2*m = 6*m. Suppose -24 = -2*b - 5*c, 3*c - 2*c = m. Calculate the remainder when l is divided by b.
11
Suppose t + 40 = 5*t. Suppose -q = -2*k + t + 2, -4*q - 4*k + 12 = 0. Let a = 10 - q. What is the remainder when 23 is divided by a?
11
Suppose -4*l + 92 = -5*c, 4*c = -0*l + 4*l - 92. Calculate the remainder when l is divided by 7.
2
Let g = 111 + -62. Calculate the remainder when g is divided by 26.
23
Suppose -w + 100 = 4*w. Calculate the remainder when w is divided by 7.
6
Let d = 15 - 11. Let r = -10 - -7. Let x = r - -14. What is the remainder when x is divided by d?
3
Let f be (7 + -1)*(-272)/(-32). Suppose 3*y - 12 = f. Calculate the remainder when y is divided by 8.
5
Suppose -4*y + 5*k + 213 = 0, 5*y + 0*k - 279 = 2*k. Calculate the remainder when y is divided by 15.
12
Suppose -t = -2*w - 5*t + 16, -5*w + 3*t = -27. Calculate the remainder when 21 is divided by w.
3
Suppose -3*m + 4*h - h + 18 = 0, -6 = -m + 4*h. What is the remainder when 11 is divided by m?
5
Let k = 64 - 37. Let g = 48 - k. Let w = g - 13. Calculate the remainder when 22 is divided by w.
6
Let v be -2 - (-12)/(-2 - 0). Let q be (v/(-12))/((-3)/(-99)). Let r = q + -8. What is the remainder when 53 is divided by r?
11
Suppose -x + 85 = 4*x. Calculate the remainder when 83 is divided by x.
15
Suppose 0*n = 4*n - 32. Let m = 141 + -91. Suppose -5*k = -65 - m. What is the remainder when k is divided by n?
7
Suppose 2*m = 3*b - 2 - 5, -2*b = -m - 5. Suppose b*t - 181 + 67 = 0. What is the remainder when t is divided by 13?
12
Suppose 0 = -3*a + 5*w - 2*w - 21, 0 = 3*a + 3*w + 15. Let i = a + 19. Let f(q) = -2*q**3 - 2*q**2 - 1. Calculate the remainder when i is divided by f(-2).
6
What is the remainder when 104 + -3 - 20/(-4) is divided by 22?
18
Let u = 8 - 5. Suppose -25 - 17 = -u*t. What is the remainder when 41 is divided by t?
13
Let k = 74 - 46. What is the remainder when 53 is divided by k?
25
Suppose 2*s = -2*s - 4, -5*f = 5*s - 105. Calculate the remainder when 107 is divided by f.
19
Let f(b) = -3*b - 4. Let i be f(-3). Suppose i*x - 2*c - 35 = -0*x, 4*x - 28 = 2*c. Calculate the remainder when x is divided by (-1 + 6)*8/10.
3
Let b(i) = i**3 - 6*i**2 + 6. Let u be b(7). Suppose -t + m = 3*t - 31, -u = -5*t - 2*m. Calculate the remainder when t is divided by 6.
3
Let c(r) = -r**3 - r**2 - 1. Let k be c(-2). Suppose -5*s + 2*v = -106, -k*v - 18 = -4*s + 71. Calculate the remainder when 58 is divided by s.
18
Suppose -c + 4 = -9. Calculate the remainder when 2520/50 - (-4)/(-10) is divided by c.
11
Suppose -1 - 5 = -p. Let t(i) be the first derivative of -5*i**2/2 - 5*i - 3. Calculate the remainder when t(-4) is divided by p.
3
Let l(r) = r + 11. Let k be l(-3). Suppose c - 6 = -0*t - t, 2*t = -5*c + 18. What is the remainder when -106*-2*c/k is divided by 14?
11
Let a(z) = -z - 3. Calculate the remainder when 12 is divided by a(-8).
2
Suppose -14 = -2*c - 0*c. What is the remainder when 25 is divided by c?
4
Suppose 0 = u - 2*u + 13. What is the remainder when 23 is divided by u?
10
Suppose -16*a = -21*a + 115. What is the remainder when 91 is divided by a?
22
Suppose q + 11 = 5*f, 0 = f + 2 - 5. Suppose -36 = c - q*c. Calculate the remainder when 33 is divided by c.
9
Suppose 5*z + 0*c - 82 = -c, -2*z - 5*c = -42. Calculate the remainder when 94 is divided by z.
14
Suppose 0 = b - 2*b + 50. What is the remainder when b is divided by 17?
16
Suppose 3 - 5 = -k. Suppose -2*s - k*s = -4. Calculate the remainder when 30 is divided by (s - (-1 + 3)) + 9.
6
Let l(k) = 7*k**2 - 2*k. Let j be l(2). Suppose -20 = -4*q + j. What is the remainder when 32 is divided by q?
10
Suppose -3*m + 16 = m. Suppose m*p - x + 5*x = 76, 5*p - 123 = 2*x. Calculate the remainder when p is divided by 8.
7
Let u(r) = -r + r - 2*r + 5. What is the remainder when u(-9) is divided by 6?
5
Suppose p + 3*q = 40, p - 6*p + 5*q + 260 = 0. Let v = 24 - 7. What is the remainder when p is divided by v?
15
Suppose -4*t + 5*p = -17 + 3, 0 = 3*t - 4*p - 11. Let s = 7 + 5. What is the remainder when (36 - t) + 0/3 is divided by s?
11
Let s(d) = -119*d**3 - d - 1. Calculate the remainder when s(-1) is divided by 60.
59
Let k = -23 + 46. Let d = k + -13. Suppose -7*g + 6*g + 19 = 0. What is the remainder when g is divided by d?
9
Let m = -28 - -85. What is the remainder when m is divided by 15?
12
Let q = -15 - -20. Suppose 0 = -q*b - 20, 2*s + 4*b + 8 = -0*b. Calculate the remainder when 5 is divided by s.
1
Let n(a) = -a**3 + 3*a**2 + 7*a - 6. Let l be n(4). What is the remainder when (-44)/6*(-45)/l is divided by 14?
13
Let n = 19 + -12. Let g(w) = 2*w + 8. Calculate the remainder when g(12) is divided by n.
4
Let y(w) = w**2 - 6*w. Let c be y(8). Let k = c - 11. What is the remainder when 12 is divided by k?
2
Suppose 3*i - 5*d = -4*d + 278, 4*d - 469 = -5*i. Suppose -3*o + i = -0. What is the remainder when o is divided by 11?
9
Suppose -v + 7 = -1. Suppose x - 350 = 5*o - 2*x, -5*x = 4*o + 243. Let f = o - -97. Calculate the remainder when f is divided by v.
6
Let y be (10/(-30))/(2/(-78)). Let j(l) = l - 5. Let d(x) = 15*x**2 - x - 1. What is the remainder when d(-1) is divided by j(y)?
7
Let s = -19 - -31. Suppose 107 = -10*i + 577. Calculate the remainder when i is divided by s.
11
Suppose 0 = 3*x - 2*u - 17, 3*x - 1 = -3*u + u. Let v = x + -1. What is the remainder when 26 is divided by (18/(-5))/(v/(-5))?
8
Suppose 0 = 2*r - 5*r + 9. Let u = 16 + r. Let w = u + -6. What is the remainder when 37 is divided by w?
11
Suppose 0 = 2*w + 3*f - 4, -4*w - 3*f = -8. Suppose -o - w*o + 31 = 4*v, -3*o = v - 1. Let c = -8 - -12. Calculate the remainder when v is divided by c.
2
Let x = -8 - -41. What is the remainder when 97 is divided by x?
31
Let f be (-3 + 12/3)*1. What is the remainder when f + 12/(2 + -1) is divided by 5?
3
Calculate the remainder when (21 - -1)*(-102)/(-68) is divided by 12.
9
Let b = 17 + -7. Let f = -2 + b. Calculate the remainder when f is divided by 5.
3
Let q(p) = -22*p**3 - 4*p - 4. What is the remainder when 87 is divided